{"id":92,"date":"2024-01-09T19:05:47","date_gmt":"2024-01-09T19:05:47","guid":{"rendered":"https:\/\/anuhalva.fi\/?page_id=92"},"modified":"2025-10-30T14:43:29","modified_gmt":"2025-10-30T12:43:29","slug":"ajanvaraus","status":"publish","type":"page","link":"https:\/\/anuhalva.fi\/index.php\/laulun-ja-ilmaisun-opetus\/ajanvaraus\/","title":{"rendered":"Ajanvaraus"},"content":{"rendered":"\n<h2 class=\"wp-block-heading has-text-align-center has-x-large-font-size\">Varaa opetus<\/h2>\n\n\n\n<p class=\"has-text-align-center\">Linkki vie sinut ajanvarauskalenteriin, josta n\u00e4et vapaat ajat. <br>Ajan voit varata tekstiviestill\u00e4 tai puhelimitse 040 250 4858.<\/p>\n\n\n\n<div class=\"wp-block-buttons is-content-justification-center is-layout-flex wp-container-core-buttons-is-layout-a89b3969 wp-block-buttons-is-layout-flex\">\n<div class=\"wp-block-button\"><a class=\"wp-block-button__link wp-element-button\" href=\"https:\/\/calendar.google.com\/calendar\/appointments\/schedules\/AcZssZ1Y3Y-hvAdtIPFJb1kVXfGMNfi9WpFcz1qwGVpPFXGmln2hKsCPUroX84xg-jUitrJ5RMKi7Hlx?gv=true\" target=\"_blank\" rel=\"noreferrer noopener\">Ajanvarauskalenteriin<\/a><\/div>\n<\/div>\n\n\n\n<p class=\"has-text-align-center has-small-font-size\">Laulutunnit toteutetaan Espoossa hyvien kulkuyhteyksien p\u00e4\u00e4ss\u00e4. Autolla tullessasi l\u00f6ytyy hyvin parkkitilaa. Osoitteen ja ohjeen saat varausvahvistuksessa. <\/p>\n\n\n\n<p class=\"has-text-align-center has-small-font-size\">Laulun tunnin varauksen yhteydess\u00e4 kertyvi\u00e4 henkil\u00f6tietoja ei k\u00e4ytet\u00e4 muissa yhteyksiss\u00e4. Henkil\u00f6tietojen k\u00e4sittelyss\u00e4 noudatetaan tietosuojalains\u00e4\u00e4d\u00e4nn\u00f6n mukaisia tietosuojaperiaatteita.<\/p>\n\n\n\n<figure class=\"wp-block-image size-large is-style-rounded is-style-rounded--1\"><img loading=\"lazy\" decoding=\"async\" width=\"1024\" height=\"683\" src=\"https:\/\/anuhalva.fi\/wp-content\/uploads\/2024\/01\/opetus2-1024x683.jpg\" alt=\"\" class=\"wp-image-54\" srcset=\"https:\/\/anuhalva.fi\/wp-content\/uploads\/2024\/01\/opetus2-1024x683.jpg 1024w, https:\/\/anuhalva.fi\/wp-content\/uploads\/2024\/01\/opetus2-300x200.jpg 300w, https:\/\/anuhalva.fi\/wp-content\/uploads\/2024\/01\/opetus2-768x512.jpg 768w, https:\/\/anuhalva.fi\/wp-content\/uploads\/2024\/01\/opetus2-1536x1024.jpg 1536w, https:\/\/anuhalva.fi\/wp-content\/uploads\/2024\/01\/opetus2-2048x1365.jpg 2048w\" sizes=\"auto, (max-width: 1024px) 100vw, 1024px\" \/><\/figure>\n","protected":false},"excerpt":{"rendered":"<p>Varaa opetus Linkki vie sinut ajanvarauskalenteriin, josta n\u00e4et vapaat ajat. Ajan voit varata tekstiviestill\u00e4 tai puhelimitse 040 250 4858. Laulutunnit toteutetaan Espoossa hyvien kulkuyhteyksien p\u00e4\u00e4ss\u00e4. Autolla tullessasi l\u00f6ytyy hyvin parkkitilaa. Osoitteen ja ohjeen saat varausvahvistuksessa. Laulun tunnin varauksen yhteydess\u00e4 kertyvi\u00e4 henkil\u00f6tietoja ei k\u00e4ytet\u00e4 muissa yhteyksiss\u00e4. Henkil\u00f6tietojen k\u00e4sittelyss\u00e4 noudatetaan tietosuojalains\u00e4\u00e4d\u00e4nn\u00f6n mukaisia tietosuojaperiaatteita.<\/p>\n","protected":false},"author":1,"featured_media":0,"parent":25,"menu_order":1,"comment_status":"closed","ping_status":"closed","template":"","meta":{"footnotes":""},"class_list":["post-92","page","type-page","status-publish","hentry"],"_links":{"self":[{"href":"https:\/\/anuhalva.fi\/index.php\/wp-json\/wp\/v2\/pages\/92","targetHints":{"allow":["GET"]}}],"collection":[{"href":"https:\/\/anuhalva.fi\/index.php\/wp-json\/wp\/v2\/pages"}],"about":[{"href":"https:\/\/anuhalva.fi\/index.php\/wp-json\/wp\/v2\/types\/page"}],"author":[{"embeddable":true,"href":"https:\/\/anuhalva.fi\/index.php\/wp-json\/wp\/v2\/users\/1"}],"replies":[{"embeddable":true,"href":"https:\/\/anuhalva.fi\/index.php\/wp-json\/wp\/v2\/comments?post=92"}],"version-history":[{"count":10,"href":"https:\/\/anuhalva.fi\/index.php\/wp-json\/wp\/v2\/pages\/92\/revisions"}],"predecessor-version":[{"id":226,"href":"https:\/\/anuhalva.fi\/index.php\/wp-json\/wp\/v2\/pages\/92\/revisions\/226"}],"up":[{"embeddable":true,"href":"https:\/\/anuhalva.fi\/index.php\/wp-json\/wp\/v2\/pages\/25"}],"wp:attachment":[{"href":"https:\/\/anuhalva.fi\/index.php\/wp-json\/wp\/v2\/media?parent=92"}],"curies":[{"name":"wp","href":"https:\/\/api.w.org\/{rel}","templated":true}]}}