{"id":32,"date":"2024-01-09T16:01:33","date_gmt":"2024-01-09T16:01:33","guid":{"rendered":"https:\/\/anuhalva.fi\/?page_id=32"},"modified":"2024-12-21T21:16:33","modified_gmt":"2024-12-21T19:16:33","slug":"konsertit","status":"publish","type":"page","link":"https:\/\/anuhalva.fi\/index.php\/konsertit\/","title":{"rendered":"Konsertit"},"content":{"rendered":"\n<hr class=\"wp-block-separator has-alpha-channel-opacity\"\/>\n\n\n\n<div class=\"wp-block-columns is-layout-flex wp-container-core-columns-is-layout-28f84493 wp-block-columns-is-layout-flex\">\n<div class=\"wp-block-column is-layout-flow wp-block-column-is-layout-flow\">\n<figure class=\"wp-block-image size-large is-style-rounded is-style-rounded--1\"><img loading=\"lazy\" decoding=\"async\" width=\"682\" height=\"1024\" src=\"https:\/\/anuhalva.fi\/wp-content\/uploads\/2024\/02\/Anu-Halva-2-kuva-Heikki-Tuuli-682x1024.jpg\" alt=\"\" class=\"wp-image-163\" srcset=\"https:\/\/anuhalva.fi\/wp-content\/uploads\/2024\/02\/Anu-Halva-2-kuva-Heikki-Tuuli-682x1024.jpg 682w, https:\/\/anuhalva.fi\/wp-content\/uploads\/2024\/02\/Anu-Halva-2-kuva-Heikki-Tuuli-200x300.jpg 200w, https:\/\/anuhalva.fi\/wp-content\/uploads\/2024\/02\/Anu-Halva-2-kuva-Heikki-Tuuli-768x1152.jpg 768w, https:\/\/anuhalva.fi\/wp-content\/uploads\/2024\/02\/Anu-Halva-2-kuva-Heikki-Tuuli-1024x1536.jpg 1024w, https:\/\/anuhalva.fi\/wp-content\/uploads\/2024\/02\/Anu-Halva-2-kuva-Heikki-Tuuli.jpg 1333w\" sizes=\"auto, (max-width: 682px) 100vw, 682px\" \/><\/figure>\n<\/div>\n\n\n\n<div class=\"wp-block-column is-layout-flow wp-block-column-is-layout-flow\">\n<p class=\"has-large-font-size\"><strong>Konsertit <\/strong>kev\u00e4t 2025<\/p>\n\n\n\n<p><strong>23.2.2025 <\/strong>Turvantalo, Lammi              <strong>Suomalaisia s\u00e4veli\u00e4<\/strong><\/p>\n\n\n\n<p>Raimo Laukka, baritoni ja Anu H\u00e4lv\u00e4, sopraano sek\u00e4 Maija Weitz, piano<\/p>\n\n\n\n<p><\/p>\n\n\n\n<p><\/p>\n\n\n\n<p><\/p>\n<\/div>\n<\/div>\n\n\n\n<hr class=\"wp-block-separator has-alpha-channel-opacity\"\/>\n\n\n\n<div class=\"wp-block-columns is-layout-flex wp-container-core-columns-is-layout-28f84493 wp-block-columns-is-layout-flex\">\n<div class=\"wp-block-column is-layout-flow wp-block-column-is-layout-flow\">\n<p class=\"has-large-font-size\">Verdi: Requiem<\/p>\n\n\n\n<p>Giuseppe Verdin kuuluisa <strong>Messa da Requiem (Sielunmessu) <\/strong>sovitettuna uruille ja nelj\u00e4lle solistille, jotka laulavat my\u00f6s kuoro-osuudet. Tarkoitettu erityisesti sinne, miss\u00e4 t\u00e4ysimittainen produktio on haasteellista toteuttaa. Esitys l\u00e4htee kiert\u00e4m\u00e4\u00e4n kirkkoja vuoden 2025 aikana.<\/p>\n\n\n\n<p>Upean sovituksen on tehnyt urkuvirtuoosi Ilpo Laspas, joka toimii my\u00f6s esityksen urkurina. <\/p>\n\n\n\n<p>Solisteina Anne Korpelainen (altto), Anu H\u00e4lv\u00e4 (sopraano), Ilkka H\u00e4m\u00e4l\u00e4inen (tenori) sek\u00e4 Jouni Kokora (basso). <\/p>\n\n\n\n<p><strong>ESITYKSET 2025<\/strong><\/p>\n\n\n\n<p>6.4. klo 18 Espoon Tuomiokirkko  <\/p>\n\n\n\n<p>27.4. klo 18 Kangasalan kirkko<\/p>\n\n\n\n<p>26.10. klo 18 Lakeuden Risti, Sein\u00e4joki<\/p>\n\n\n\n<p>9.11. <strong>klo 19<\/strong> <strong>Tampereen Tuomiokirkko<\/strong> (huom.muuttunut!) <\/p>\n\n\n\n<p>23.11. klo 18 Martinkirkko, Turku<\/p>\n\n\n\n<p><strong>Liput:  lippu.fi <\/strong><a href=\"https:\/\/www.lippu.fi\/event\/giuseppe-verdi-messa-di-requiem-tampereen-tuomiokirkko-19629166\/\">https:\/\/www.lippu.fi\/event\/giuseppe-verdi-messa-di-requiem-tampereen-tuomiokirkko-19629166\/<\/a><\/p>\n\n\n\n<p><\/p>\n<\/div>\n\n\n\n<div class=\"wp-block-column is-layout-flow wp-block-column-is-layout-flow\">\n<figure class=\"wp-block-image size-large is-style-rounded is-style-rounded--2\"><img loading=\"lazy\" decoding=\"async\" width=\"724\" height=\"1024\" src=\"https:\/\/anuhalva.fi\/wp-content\/uploads\/2024\/12\/Verdi-mainos-724x1024.jpg\" alt=\"\" class=\"wp-image-203\" srcset=\"https:\/\/anuhalva.fi\/wp-content\/uploads\/2024\/12\/Verdi-mainos-724x1024.jpg 724w, https:\/\/anuhalva.fi\/wp-content\/uploads\/2024\/12\/Verdi-mainos-212x300.jpg 212w, https:\/\/anuhalva.fi\/wp-content\/uploads\/2024\/12\/Verdi-mainos-768x1086.jpg 768w, https:\/\/anuhalva.fi\/wp-content\/uploads\/2024\/12\/Verdi-mainos-1086x1536.jpg 1086w, https:\/\/anuhalva.fi\/wp-content\/uploads\/2024\/12\/Verdi-mainos.jpg 1131w\" sizes=\"auto, (max-width: 724px) 100vw, 724px\" \/><\/figure>\n<\/div>\n<\/div>\n\n\n\n<hr class=\"wp-block-separator has-alpha-channel-opacity\"\/>\n\n\n\n<p><\/p>\n","protected":false},"excerpt":{"rendered":"<p>Konsertit kev\u00e4t 2025 23.2.2025 Turvantalo, Lammi Suomalaisia s\u00e4veli\u00e4 Raimo Laukka, baritoni ja Anu H\u00e4lv\u00e4, sopraano sek\u00e4 Maija Weitz, piano Verdi: Requiem Giuseppe Verdin kuuluisa Messa da Requiem (Sielunmessu) sovitettuna uruille ja nelj\u00e4lle solistille, jotka laulavat my\u00f6s kuoro-osuudet. Tarkoitettu erityisesti sinne, miss\u00e4 t\u00e4ysimittainen produktio on haasteellista toteuttaa. Esitys l\u00e4htee kiert\u00e4m\u00e4\u00e4n kirkkoja vuoden 2025 aikana. Upean sovituksen [&hellip;]<\/p>\n","protected":false},"author":1,"featured_media":0,"parent":0,"menu_order":0,"comment_status":"closed","ping_status":"closed","template":"","meta":{"footnotes":""},"class_list":["post-32","page","type-page","status-publish","hentry"],"_links":{"self":[{"href":"https:\/\/anuhalva.fi\/index.php\/wp-json\/wp\/v2\/pages\/32","targetHints":{"allow":["GET"]}}],"collection":[{"href":"https:\/\/anuhalva.fi\/index.php\/wp-json\/wp\/v2\/pages"}],"about":[{"href":"https:\/\/anuhalva.fi\/index.php\/wp-json\/wp\/v2\/types\/page"}],"author":[{"embeddable":true,"href":"https:\/\/anuhalva.fi\/index.php\/wp-json\/wp\/v2\/users\/1"}],"replies":[{"embeddable":true,"href":"https:\/\/anuhalva.fi\/index.php\/wp-json\/wp\/v2\/comments?post=32"}],"version-history":[{"count":25,"href":"https:\/\/anuhalva.fi\/index.php\/wp-json\/wp\/v2\/pages\/32\/revisions"}],"predecessor-version":[{"id":211,"href":"https:\/\/anuhalva.fi\/index.php\/wp-json\/wp\/v2\/pages\/32\/revisions\/211"}],"wp:attachment":[{"href":"https:\/\/anuhalva.fi\/index.php\/wp-json\/wp\/v2\/media?parent=32"}],"curies":[{"name":"wp","href":"https:\/\/api.w.org\/{rel}","templated":true}]}}